{"id":1065,"date":"2023-12-18T21:31:19","date_gmt":"2023-12-18T21:31:19","guid":{"rendered":"http:\/\/ameliesamson.com\/?page_id=1065"},"modified":"2023-11-22T13:43:28","modified_gmt":"2023-11-22T13:43:28","slug":"break-out","status":"publish","type":"page","link":"http:\/\/ameliesamson.com\/index.php\/break-out\/","title":{"rendered":"Break Out"},"content":{"rendered":"\t\t<div data-elementor-type=\"wp-page\" data-elementor-id=\"1065\" class=\"elementor elementor-1065\">\n\t\t\t\t\t\t<section class=\"elementor-section elementor-top-section elementor-element elementor-element-1323b10 elementor-section-boxed elementor-section-height-default elementor-section-height-default qodef-elementor-content-no\" data-id=\"1323b10\" data-element_type=\"section\">\n\t\t\t\t\t\t<div class=\"elementor-container elementor-column-gap-default\">\n\t\t\t\t\t<div class=\"elementor-column elementor-col-66 elementor-top-column elementor-element elementor-element-8b6e583\" data-id=\"8b6e583\" data-element_type=\"column\">\n\t\t\t<div class=\"elementor-widget-wrap elementor-element-populated\">\n\t\t\t\t\t\t<div class=\"elementor-element elementor-element-c848083 elementor-widget elementor-widget-image\" data-id=\"c848083\" data-element_type=\"widget\" data-widget_type=\"image.default\">\n\t\t\t\t<div class=\"elementor-widget-container\">\n\t\t\t<style>\/*! elementor - v3.19.0 - 07-02-2024 *\/\n.elementor-widget-image{text-align:center}.elementor-widget-image a{display:inline-block}.elementor-widget-image a img[src$=\".svg\"]{width:48px}.elementor-widget-image img{vertical-align:middle;display:inline-block}<\/style>\t\t\t\t\t\t\t\t\t\t<img fetchpriority=\"high\" decoding=\"async\" width=\"1024\" height=\"684\" src=\"http:\/\/ameliesamson.com\/wp-content\/uploads\/2023\/11\/Matricule-Bis-acceuil.jpg\" class=\"attachment-large size-large wp-image-1053\" alt=\"\" \/>\t\t\t\t\t\t\t\t\t\t\t\t\t<\/div>\n\t\t\t\t<\/div>\n\t\t\t\t\t<\/div>\n\t\t<\/div>\n\t\t\t\t<div class=\"elementor-column elementor-col-33 elementor-top-column elementor-element elementor-element-6ffe25e\" data-id=\"6ffe25e\" data-element_type=\"column\">\n\t\t\t<div class=\"elementor-widget-wrap elementor-element-populated\">\n\t\t\t\t\t\t<div class=\"elementor-element elementor-element-17ec18e elementor-widget elementor-widget-heading\" data-id=\"17ec18e\" data-element_type=\"widget\" data-widget_type=\"heading.default\">\n\t\t\t\t<div class=\"elementor-widget-container\">\n\t\t\t<style>\/*! elementor - v3.19.0 - 07-02-2024 *\/\n.elementor-heading-title{padding:0;margin:0;line-height:1}.elementor-widget-heading .elementor-heading-title[class*=elementor-size-]>a{color:inherit;font-size:inherit;line-height:inherit}.elementor-widget-heading .elementor-heading-title.elementor-size-small{font-size:15px}.elementor-widget-heading .elementor-heading-title.elementor-size-medium{font-size:19px}.elementor-widget-heading .elementor-heading-title.elementor-size-large{font-size:29px}.elementor-widget-heading .elementor-heading-title.elementor-size-xl{font-size:39px}.elementor-widget-heading .elementor-heading-title.elementor-size-xxl{font-size:59px}<\/style><h5 class=\"elementor-heading-title elementor-size-medium\">Super Break out<\/h5>\t\t<\/div>\n\t\t\t\t<\/div>\n\t\t\t\t<div class=\"elementor-element elementor-element-460916b elementor-widget elementor-widget-text-editor\" data-id=\"460916b\" data-element_type=\"widget\" data-widget_type=\"text-editor.default\">\n\t\t\t\t<div class=\"elementor-widget-container\">\n\t\t\t<style>\/*! elementor - v3.19.0 - 07-02-2024 *\/\n.elementor-widget-text-editor.elementor-drop-cap-view-stacked .elementor-drop-cap{background-color:#69727d;color:#fff}.elementor-widget-text-editor.elementor-drop-cap-view-framed .elementor-drop-cap{color:#69727d;border:3px solid;background-color:transparent}.elementor-widget-text-editor:not(.elementor-drop-cap-view-default) .elementor-drop-cap{margin-top:8px}.elementor-widget-text-editor:not(.elementor-drop-cap-view-default) .elementor-drop-cap-letter{width:1em;height:1em}.elementor-widget-text-editor .elementor-drop-cap{float:left;text-align:center;line-height:1;font-size:50px}.elementor-widget-text-editor .elementor-drop-cap-letter{display:inline-block}<\/style>\t\t\t\t<p>Titre : Super Break out<br \/>Ann\u00e9e : 2023<\/p><p>Expos\u00e9 \u00e0 :<\/p><p><strong>\u25ba <a href=\"https:\/\/sites.google.com\/view\/matricule-bis-2023\/accueil\">Festival Matricule, Bis<\/a><\/strong> nov. 2023, Orl\u00e9ans<\/p><p>Installation interactive \/ jeu vid\u00e9o cr\u00e9e \u00e0 l&#8217;occasion du Festival de jeux vid\u00e9os et Arts Num\u00e9rique Matricule Bis.<\/p><p>Tags : <a href=\"http:\/\/ameliesamson.com\/index.php\/numerique\/\">#Num\u00e9rique<\/a> \u00a0<a href=\"http:\/\/ameliesamson.com\/index.php\/algorithme\/\">#Algorithme<\/a> <a href=\"http:\/\/ameliesamson.com\/index.php\/electronique\/\">#\u00c9lectronique<\/a><\/p>\t\t\t\t\t\t<\/div>\n\t\t\t\t<\/div>\n\t\t\t\t\t<\/div>\n\t\t<\/div>\n\t\t\t\t\t<\/div>\n\t\t<\/section>\n\t\t\t\t<section class=\"elementor-section elementor-top-section elementor-element elementor-element-7c1ee37 elementor-section-boxed elementor-section-height-default elementor-section-height-default qodef-elementor-content-no\" data-id=\"7c1ee37\" data-element_type=\"section\">\n\t\t\t\t\t\t<div class=\"elementor-container elementor-column-gap-default\">\n\t\t\t\t\t<div class=\"elementor-column elementor-col-66 elementor-top-column elementor-element elementor-element-f645af6\" data-id=\"f645af6\" data-element_type=\"column\">\n\t\t\t<div class=\"elementor-widget-wrap elementor-element-populated\">\n\t\t\t\t\t\t<div class=\"elementor-element elementor-element-030fc4b elementor-widget elementor-widget-text-editor\" data-id=\"030fc4b\" data-element_type=\"widget\" data-widget_type=\"text-editor.default\">\n\t\t\t\t<div class=\"elementor-widget-container\">\n\t\t\t\t\t\t\t<p>&#8220;<b><i>Break Out<\/i><\/b><i> est le nom du premier \u201ccasse briques\u201d de l\u2019histoire du jeu vid\u00e9o, sorti par Atari en 1976. Selon ses diff\u00e9rents usages, l\u2019expression se traduit en fran\u00e7ais par \u201cs\u2019\u00e9chapper, s\u2019affranchir de la loi, s\u2019\u00e9vader, \u00e9clater\u201d. Pour cette premi\u00e8re \u00e9dition du festival, elle r\u00e9sume en une formule notre rapport fantasm\u00e9 au ph\u00e9nom\u00e8ne urbain tels que les jeux vid\u00e9o le transposent \u00e0 l\u2019\u00e9cran depuis plus de 40 ans.&#8221;<\/i><\/p>\t\t\t\t\t\t<\/div>\n\t\t\t\t<\/div>\n\t\t\t\t<div class=\"elementor-element elementor-element-8251dc8 elementor-widget elementor-widget-text-editor\" data-id=\"8251dc8\" data-element_type=\"widget\" data-widget_type=\"text-editor.default\">\n\t\t\t\t<div class=\"elementor-widget-container\">\n\t\t\t\t\t\t\t<p>Que ce soit sur les bornes d\u2019arcade des ann\u00e9es 80, sur les premi\u00e8res consoles de salon, les t\u00e9l\u00e9phones portables des ados des ann\u00e9es 2000 comme sur les derniers smartphones, le Casse-brique est un classique du jeu vid\u00e9o qui traverse les ann\u00e9es et touche toute sorte de public.<\/p><p>Cette installation propose une exp\u00e9rience diff\u00e9rente de ce jeu fondamentalement pratiqu\u00e9 en solo en modifiant son gameplay pour l\u2019int\u00e9grer au contexte d\u2019un festival. Un \u00e9cran est pos\u00e9 sur un ancien vaisselier en ch\u00eane r\u00e9cup\u00e9r\u00e9 dans une recyclerie mont\u00e9 sur roulettes. Quelques boutons d\u2019arcade sont ajout\u00e9s au meuble pour lancer une nouvelle partie, changer de niveau et lancer la balle. Pour d\u00e9placer la plateforme sur l\u2019\u00e9cran, il suffit de d\u00e9placer le meuble en le poussant ou en le tirant seul ou \u00e0 plusieurs.<\/p><p>Le mouvement du meuble est directement reli\u00e9 \u00e0 l\u2019\u00e9mulateur qui fait tourner la version originale du jeu \u201cSuper Break out\u201d sur Atari 2600 de 1978.<\/p>\t\t\t\t\t\t<\/div>\n\t\t\t\t<\/div>\n\t\t\t\t\t<\/div>\n\t\t<\/div>\n\t\t\t\t<div class=\"elementor-column elementor-col-33 elementor-top-column elementor-element elementor-element-b9035d8\" data-id=\"b9035d8\" data-element_type=\"column\">\n\t\t\t<div class=\"elementor-widget-wrap elementor-element-populated\">\n\t\t\t\t\t\t<div class=\"elementor-element elementor-element-4e08a99 elementor-widget elementor-widget-image\" data-id=\"4e08a99\" data-element_type=\"widget\" data-widget_type=\"image.default\">\n\t\t\t\t<div class=\"elementor-widget-container\">\n\t\t\t\t\t\t\t\t\t\t\t\t\t<img decoding=\"async\" width=\"683\" height=\"1024\" src=\"http:\/\/ameliesamson.com\/wp-content\/uploads\/2023\/11\/Matricule-Bis-3-BQ.jpg\" class=\"attachment-large size-large wp-image-1071\" alt=\"\" \/>\t\t\t\t\t\t\t\t\t\t\t\t\t<\/div>\n\t\t\t\t<\/div>\n\t\t\t\t\t<\/div>\n\t\t<\/div>\n\t\t\t\t\t<\/div>\n\t\t<\/section>\n\t\t\t\t<section class=\"elementor-section elementor-top-section elementor-element elementor-element-942538f elementor-section-boxed elementor-section-height-default elementor-section-height-default qodef-elementor-content-no\" data-id=\"942538f\" data-element_type=\"section\">\n\t\t\t\t\t\t<div class=\"elementor-container elementor-column-gap-default\">\n\t\t\t\t\t<div class=\"elementor-column elementor-col-33 elementor-top-column elementor-element elementor-element-3d75607\" data-id=\"3d75607\" data-element_type=\"column\">\n\t\t\t<div class=\"elementor-widget-wrap elementor-element-populated\">\n\t\t\t\t\t\t<div class=\"elementor-element elementor-element-7c5adb2 elementor-widget elementor-widget-image\" data-id=\"7c5adb2\" data-element_type=\"widget\" data-widget_type=\"image.default\">\n\t\t\t\t<div class=\"elementor-widget-container\">\n\t\t\t\t\t\t\t\t\t\t\t\t\t<img decoding=\"async\" width=\"1280\" height=\"1920\" src=\"http:\/\/ameliesamson.com\/wp-content\/uploads\/2023\/11\/Matricule-Bis-2-BQ.jpg\" class=\"attachment-full size-full wp-image-1072\" alt=\"\" \/>\t\t\t\t\t\t\t\t\t\t\t\t\t<\/div>\n\t\t\t\t<\/div>\n\t\t\t\t\t<\/div>\n\t\t<\/div>\n\t\t\t\t<div class=\"elementor-column elementor-col-66 elementor-top-column elementor-element elementor-element-c0b6aed\" data-id=\"c0b6aed\" data-element_type=\"column\">\n\t\t\t<div class=\"elementor-widget-wrap elementor-element-populated\">\n\t\t\t\t\t\t<div class=\"elementor-element elementor-element-57de7e3 elementor-widget elementor-widget-image\" data-id=\"57de7e3\" data-element_type=\"widget\" data-widget_type=\"image.default\">\n\t\t\t\t<div class=\"elementor-widget-container\">\n\t\t\t\t\t\t\t\t\t\t\t\t\t<img loading=\"lazy\" decoding=\"async\" width=\"1920\" height=\"1280\" src=\"http:\/\/ameliesamson.com\/wp-content\/uploads\/2023\/11\/Matricule-Bis-4-BQ.jpg\" class=\"attachment-full size-full wp-image-1070\" alt=\"\" \/>\t\t\t\t\t\t\t\t\t\t\t\t\t<\/div>\n\t\t\t\t<\/div>\n\t\t\t\t\t<\/div>\n\t\t<\/div>\n\t\t\t\t\t<\/div>\n\t\t<\/section>\n\t\t\t\t<section class=\"elementor-section elementor-top-section elementor-element elementor-element-2bb4ab6 elementor-section-boxed elementor-section-height-default elementor-section-height-default qodef-elementor-content-no\" data-id=\"2bb4ab6\" data-element_type=\"section\">\n\t\t\t\t\t\t<div class=\"elementor-container elementor-column-gap-default\">\n\t\t\t\t\t<div class=\"elementor-column elementor-col-66 elementor-top-column elementor-element elementor-element-75dc37f\" data-id=\"75dc37f\" data-element_type=\"column\">\n\t\t\t<div class=\"elementor-widget-wrap elementor-element-populated\">\n\t\t\t\t\t\t<div class=\"elementor-element elementor-element-86c4b95 elementor-widget elementor-widget-image\" data-id=\"86c4b95\" data-element_type=\"widget\" data-widget_type=\"image.default\">\n\t\t\t\t<div class=\"elementor-widget-container\">\n\t\t\t\t\t\t\t\t\t\t\t\t\t<img loading=\"lazy\" decoding=\"async\" width=\"1024\" height=\"766\" src=\"http:\/\/ameliesamson.com\/wp-content\/uploads\/2023\/11\/IMG_20231117_185922-BQ.jpg\" class=\"attachment-large size-large wp-image-1076\" alt=\"\" \/>\t\t\t\t\t\t\t\t\t\t\t\t\t<\/div>\n\t\t\t\t<\/div>\n\t\t\t\t\t<\/div>\n\t\t<\/div>\n\t\t\t\t<div class=\"elementor-column elementor-col-33 elementor-top-column elementor-element elementor-element-87b9685\" data-id=\"87b9685\" data-element_type=\"column\">\n\t\t\t<div class=\"elementor-widget-wrap elementor-element-populated\">\n\t\t\t\t\t\t<div class=\"elementor-element elementor-element-e021e41 elementor-widget elementor-widget-image\" data-id=\"e021e41\" data-element_type=\"widget\" data-widget_type=\"image.default\">\n\t\t\t\t<div class=\"elementor-widget-container\">\n\t\t\t\t\t\t\t\t\t\t\t\t\t<img loading=\"lazy\" decoding=\"async\" width=\"766\" height=\"1024\" src=\"http:\/\/ameliesamson.com\/wp-content\/uploads\/2023\/11\/IMG_20231117_191250-BQ.jpg\" class=\"attachment-large size-large wp-image-1075\" alt=\"\" \/>\t\t\t\t\t\t\t\t\t\t\t\t\t<\/div>\n\t\t\t\t<\/div>\n\t\t\t\t\t<\/div>\n\t\t<\/div>\n\t\t\t\t\t<\/div>\n\t\t<\/section>\n\t\t\t\t<\/div>\n\t\t","protected":false},"excerpt":{"rendered":"<p>Super Break out Titre : Super Break outAnn\u00e9e : 2023 Expos\u00e9 \u00e0 : \u25ba Festival Matricule, Bis nov. 2023, Orl\u00e9ans Installation interactive \/ jeu vid\u00e9o cr\u00e9e \u00e0 l&#8217;occasion du Festival de jeux vid\u00e9os et Arts Num\u00e9rique Matricule Bis. Tags : #Num\u00e9rique \u00a0#Algorithme #\u00c9lectronique &#8220;Break Out est le nom du premier \u201ccasse briques\u201d de l\u2019histoire du [&hellip;]<\/p>\n","protected":false},"author":1,"featured_media":0,"parent":0,"menu_order":0,"comment_status":"closed","ping_status":"closed","template":"","meta":{"footnotes":""},"class_list":["post-1065","page","type-page","status-publish","hentry"],"yoast_head":"<!-- This site is optimized with the Yoast SEO plugin v26.8 - https:\/\/yoast.com\/product\/yoast-seo-wordpress\/ -->\n<title>Break Out - Amelie Samson<\/title>\n<meta name=\"description\" content=\"Maze - Data visualisation - R\u00e9alit\u00e9 Virtuelle - Labyrinthe - Algorithme - Web - Mythe - Minotaure - Intelligence Artificielle - Num\u00e9rique -\" \/>\n<meta name=\"robots\" content=\"index, follow, max-snippet:-1, max-image-preview:large, max-video-preview:-1\" \/>\n<link rel=\"canonical\" href=\"http:\/\/ameliesamson.com\/index.php\/break-out\/\" \/>\n<meta property=\"og:locale\" content=\"fr_FR\" \/>\n<meta property=\"og:type\" content=\"article\" \/>\n<meta property=\"og:title\" content=\"Break Out - Amelie Samson\" \/>\n<meta property=\"og:description\" content=\"Maze - Data visualisation - R\u00e9alit\u00e9 Virtuelle - Labyrinthe - Algorithme - Web - Mythe - Minotaure - Intelligence Artificielle - Num\u00e9rique -\" \/>\n<meta property=\"og:url\" content=\"http:\/\/ameliesamson.com\/index.php\/break-out\/\" \/>\n<meta property=\"og:site_name\" content=\"Amelie Samson\" \/>\n<meta property=\"og:image\" content=\"http:\/\/ameliesamson.com\/wp-content\/uploads\/2023\/11\/Matricule-Bis-acceuil.jpg\" \/>\n<meta name=\"twitter:card\" content=\"summary_large_image\" \/>\n<meta name=\"twitter:site\" content=\"@AmlieSamson\" \/>\n<meta name=\"twitter:label1\" content=\"Dur\u00e9e de lecture estim\u00e9e\" \/>\n\t<meta name=\"twitter:data1\" content=\"4 minutes\" \/>\n<script type=\"application\/ld+json\" class=\"yoast-schema-graph\">{\"@context\":\"https:\/\/schema.org\",\"@graph\":[{\"@type\":\"WebPage\",\"@id\":\"http:\/\/ameliesamson.com\/index.php\/break-out\/\",\"url\":\"http:\/\/ameliesamson.com\/index.php\/break-out\/\",\"name\":\"Break Out - Amelie Samson\",\"isPartOf\":{\"@id\":\"http:\/\/ameliesamson.com\/#website\"},\"primaryImageOfPage\":{\"@id\":\"http:\/\/ameliesamson.com\/index.php\/break-out\/#primaryimage\"},\"image\":{\"@id\":\"http:\/\/ameliesamson.com\/index.php\/break-out\/#primaryimage\"},\"thumbnailUrl\":\"http:\/\/ameliesamson.com\/wp-content\/uploads\/2023\/11\/Matricule-Bis-acceuil.jpg\",\"datePublished\":\"2023-12-18T21:31:19+00:00\",\"description\":\"Maze - Data visualisation - R\u00e9alit\u00e9 Virtuelle - Labyrinthe - Algorithme - Web - Mythe - Minotaure - Intelligence Artificielle - Num\u00e9rique -\",\"breadcrumb\":{\"@id\":\"http:\/\/ameliesamson.com\/index.php\/break-out\/#breadcrumb\"},\"inLanguage\":\"fr-FR\",\"potentialAction\":[{\"@type\":\"ReadAction\",\"target\":[\"http:\/\/ameliesamson.com\/index.php\/break-out\/\"]}]},{\"@type\":\"ImageObject\",\"inLanguage\":\"fr-FR\",\"@id\":\"http:\/\/ameliesamson.com\/index.php\/break-out\/#primaryimage\",\"url\":\"http:\/\/ameliesamson.com\/wp-content\/uploads\/2023\/11\/Matricule-Bis-acceuil.jpg\",\"contentUrl\":\"http:\/\/ameliesamson.com\/wp-content\/uploads\/2023\/11\/Matricule-Bis-acceuil.jpg\",\"width\":2016,\"height\":1346},{\"@type\":\"BreadcrumbList\",\"@id\":\"http:\/\/ameliesamson.com\/index.php\/break-out\/#breadcrumb\",\"itemListElement\":[{\"@type\":\"ListItem\",\"position\":1,\"name\":\"Accueil\",\"item\":\"http:\/\/ameliesamson.com\/\"},{\"@type\":\"ListItem\",\"position\":2,\"name\":\"Break Out\"}]},{\"@type\":\"WebSite\",\"@id\":\"http:\/\/ameliesamson.com\/#website\",\"url\":\"http:\/\/ameliesamson.com\/\",\"name\":\"Amelie Samson\",\"description\":\"\",\"publisher\":{\"@id\":\"http:\/\/ameliesamson.com\/#\/schema\/person\/894f5f1404401bc140412a7266c729ef\"},\"potentialAction\":[{\"@type\":\"SearchAction\",\"target\":{\"@type\":\"EntryPoint\",\"urlTemplate\":\"http:\/\/ameliesamson.com\/?s={search_term_string}\"},\"query-input\":{\"@type\":\"PropertyValueSpecification\",\"valueRequired\":true,\"valueName\":\"search_term_string\"}}],\"inLanguage\":\"fr-FR\"},{\"@type\":[\"Person\",\"Organization\"],\"@id\":\"http:\/\/ameliesamson.com\/#\/schema\/person\/894f5f1404401bc140412a7266c729ef\",\"name\":\"Amelie\",\"image\":{\"@type\":\"ImageObject\",\"inLanguage\":\"fr-FR\",\"@id\":\"http:\/\/ameliesamson.com\/#\/schema\/person\/image\/\",\"url\":\"http:\/\/ameliesamson.com\/wp-content\/uploads\/2024\/09\/LOGO-2024-BQ.jpg\",\"contentUrl\":\"http:\/\/ameliesamson.com\/wp-content\/uploads\/2024\/09\/LOGO-2024-BQ.jpg\",\"width\":1080,\"height\":1080,\"caption\":\"Amelie\"},\"logo\":{\"@id\":\"http:\/\/ameliesamson.com\/#\/schema\/person\/image\/\"},\"sameAs\":[\"http:\/\/ameliesamson.com\/\",\"https:\/\/www.instagram.com\/am.sam_design\/\",\"https:\/\/fr.linkedin.com\/in\/amlie-samson-a4b9ba166\",\"https:\/\/x.com\/https:\/\/twitter.com\/AmlieSamson\"]}]}<\/script>\n<!-- \/ Yoast SEO plugin. -->","yoast_head_json":{"title":"Break Out - Amelie Samson","description":"Maze - Data visualisation - R\u00e9alit\u00e9 Virtuelle - Labyrinthe - Algorithme - Web - Mythe - Minotaure - Intelligence Artificielle - Num\u00e9rique -","robots":{"index":"index","follow":"follow","max-snippet":"max-snippet:-1","max-image-preview":"max-image-preview:large","max-video-preview":"max-video-preview:-1"},"canonical":"http:\/\/ameliesamson.com\/index.php\/break-out\/","og_locale":"fr_FR","og_type":"article","og_title":"Break Out - Amelie Samson","og_description":"Maze - Data visualisation - R\u00e9alit\u00e9 Virtuelle - Labyrinthe - Algorithme - Web - Mythe - Minotaure - Intelligence Artificielle - Num\u00e9rique -","og_url":"http:\/\/ameliesamson.com\/index.php\/break-out\/","og_site_name":"Amelie Samson","og_image":[{"url":"http:\/\/ameliesamson.com\/wp-content\/uploads\/2023\/11\/Matricule-Bis-acceuil.jpg","type":"","width":"","height":""}],"twitter_card":"summary_large_image","twitter_site":"@AmlieSamson","twitter_misc":{"Dur\u00e9e de lecture estim\u00e9e":"4 minutes"},"schema":{"@context":"https:\/\/schema.org","@graph":[{"@type":"WebPage","@id":"http:\/\/ameliesamson.com\/index.php\/break-out\/","url":"http:\/\/ameliesamson.com\/index.php\/break-out\/","name":"Break Out - Amelie Samson","isPartOf":{"@id":"http:\/\/ameliesamson.com\/#website"},"primaryImageOfPage":{"@id":"http:\/\/ameliesamson.com\/index.php\/break-out\/#primaryimage"},"image":{"@id":"http:\/\/ameliesamson.com\/index.php\/break-out\/#primaryimage"},"thumbnailUrl":"http:\/\/ameliesamson.com\/wp-content\/uploads\/2023\/11\/Matricule-Bis-acceuil.jpg","datePublished":"2023-12-18T21:31:19+00:00","description":"Maze - Data visualisation - R\u00e9alit\u00e9 Virtuelle - Labyrinthe - Algorithme - Web - Mythe - Minotaure - Intelligence Artificielle - Num\u00e9rique -","breadcrumb":{"@id":"http:\/\/ameliesamson.com\/index.php\/break-out\/#breadcrumb"},"inLanguage":"fr-FR","potentialAction":[{"@type":"ReadAction","target":["http:\/\/ameliesamson.com\/index.php\/break-out\/"]}]},{"@type":"ImageObject","inLanguage":"fr-FR","@id":"http:\/\/ameliesamson.com\/index.php\/break-out\/#primaryimage","url":"http:\/\/ameliesamson.com\/wp-content\/uploads\/2023\/11\/Matricule-Bis-acceuil.jpg","contentUrl":"http:\/\/ameliesamson.com\/wp-content\/uploads\/2023\/11\/Matricule-Bis-acceuil.jpg","width":2016,"height":1346},{"@type":"BreadcrumbList","@id":"http:\/\/ameliesamson.com\/index.php\/break-out\/#breadcrumb","itemListElement":[{"@type":"ListItem","position":1,"name":"Accueil","item":"http:\/\/ameliesamson.com\/"},{"@type":"ListItem","position":2,"name":"Break Out"}]},{"@type":"WebSite","@id":"http:\/\/ameliesamson.com\/#website","url":"http:\/\/ameliesamson.com\/","name":"Amelie Samson","description":"","publisher":{"@id":"http:\/\/ameliesamson.com\/#\/schema\/person\/894f5f1404401bc140412a7266c729ef"},"potentialAction":[{"@type":"SearchAction","target":{"@type":"EntryPoint","urlTemplate":"http:\/\/ameliesamson.com\/?s={search_term_string}"},"query-input":{"@type":"PropertyValueSpecification","valueRequired":true,"valueName":"search_term_string"}}],"inLanguage":"fr-FR"},{"@type":["Person","Organization"],"@id":"http:\/\/ameliesamson.com\/#\/schema\/person\/894f5f1404401bc140412a7266c729ef","name":"Amelie","image":{"@type":"ImageObject","inLanguage":"fr-FR","@id":"http:\/\/ameliesamson.com\/#\/schema\/person\/image\/","url":"http:\/\/ameliesamson.com\/wp-content\/uploads\/2024\/09\/LOGO-2024-BQ.jpg","contentUrl":"http:\/\/ameliesamson.com\/wp-content\/uploads\/2024\/09\/LOGO-2024-BQ.jpg","width":1080,"height":1080,"caption":"Amelie"},"logo":{"@id":"http:\/\/ameliesamson.com\/#\/schema\/person\/image\/"},"sameAs":["http:\/\/ameliesamson.com\/","https:\/\/www.instagram.com\/am.sam_design\/","https:\/\/fr.linkedin.com\/in\/amlie-samson-a4b9ba166","https:\/\/x.com\/https:\/\/twitter.com\/AmlieSamson"]}]}},"_links":{"self":[{"href":"http:\/\/ameliesamson.com\/index.php\/wp-json\/wp\/v2\/pages\/1065","targetHints":{"allow":["GET"]}}],"collection":[{"href":"http:\/\/ameliesamson.com\/index.php\/wp-json\/wp\/v2\/pages"}],"about":[{"href":"http:\/\/ameliesamson.com\/index.php\/wp-json\/wp\/v2\/types\/page"}],"author":[{"embeddable":true,"href":"http:\/\/ameliesamson.com\/index.php\/wp-json\/wp\/v2\/users\/1"}],"replies":[{"embeddable":true,"href":"http:\/\/ameliesamson.com\/index.php\/wp-json\/wp\/v2\/comments?post=1065"}],"version-history":[{"count":19,"href":"http:\/\/ameliesamson.com\/index.php\/wp-json\/wp\/v2\/pages\/1065\/revisions"}],"predecessor-version":[{"id":1095,"href":"http:\/\/ameliesamson.com\/index.php\/wp-json\/wp\/v2\/pages\/1065\/revisions\/1095"}],"wp:attachment":[{"href":"http:\/\/ameliesamson.com\/index.php\/wp-json\/wp\/v2\/media?parent=1065"}],"curies":[{"name":"wp","href":"https:\/\/api.w.org\/{rel}","templated":true}]}}